{"id":43,"date":"2016-02-19T13:55:54","date_gmt":"2016-02-19T13:55:54","guid":{"rendered":"https:\/\/www.308j.pl\/?page_id=43"},"modified":"2025-02-06T13:48:29","modified_gmt":"2025-02-06T13:48:29","slug":"home","status":"publish","type":"page","link":"https:\/\/www.308j.pl\/","title":{"rendered":"Dom z bala jod\u0142owego"},"content":{"rendered":"<!-- wp:themify-builder\/canvas \/-->","protected":false},"excerpt":{"rendered":"","protected":false},"author":1,"featured_media":0,"parent":0,"menu_order":0,"comment_status":"closed","ping_status":"closed","template":"","meta":{"footnotes":""},"class_list":["post-43","page","type-page","status-publish","hentry","has-post-title","has-post-date","has-post-category","has-post-tag","has-post-comment","has-post-author",""],"builder_content":"<h1>DOM Z BALA JOD\u0141OWEGO<\/h1> <p>Wyj\u0105tkowa scenografia do twojego filmu<\/p>\n<img src=\"http:\/\/www.308j.pl\/wp-content\/uploads\/2024\/11\/20240623_193419-Kopiowanie.jpg\" width=\"1200\" height=\"1024\" title=\"Dom z bala jod\u0142owego\" alt=\"Dom z bala jod\u0142owego\">\n<h4 style=\"text-align: left;\">Dom znajduje si\u0119 na du\u017cej dzia\u0142ce o powierzchni p\u00f3\u0142 hektara,<\/h4> <h4 style=\"text-align: left;\">otoczonej polami i lasami, nieopodal rzeki \u015awider.<\/h4> <h4 style=\"text-align: left;\">Jest bardzo dobrze skomunikowany - oko\u0142o 30 minut od centrum Warszawy.<\/h4> <h4>\u00a0<\/h4>\n<img src=\"http:\/\/www.308j.pl\/wp-content\/uploads\/2024\/11\/IMG_20241105_131529-Kopiowanie.jpg\" width=\"230\" height=\"230\" title=\"Dom z bala jod\u0142owego\" alt=\"Dom z bala jod\u0142owego\">\n<img src=\"http:\/\/www.308j.pl\/wp-content\/uploads\/2024\/11\/IMG_20240914_161707-Kopiowanie.jpg\" width=\"230\" height=\"230\" title=\"Dom z bala jod\u0142owego\" alt=\"Dom z bala jod\u0142owego\">\n<img src=\"http:\/\/www.308j.pl\/wp-content\/uploads\/2024\/11\/IMG_20241105_130948-Kopiowanie.jpg\" width=\"230\" height=\"230\" title=\"Dom z bala jod\u0142owego\" alt=\"Dom z bala jod\u0142owego\">\n<img src=\"http:\/\/www.308j.pl\/wp-content\/uploads\/2024\/11\/20240330_122535-Kopiowanie.jpg\" width=\"230\" height=\"230\" title=\"Dom z bala jod\u0142owego\" alt=\"Dom z bala jod\u0142owego\">\n<img src=\"http:\/\/www.308j.pl\/wp-content\/uploads\/2024\/11\/IMG_20240912_1931281-Kopiowanie.jpg\" width=\"230\" height=\"230\" title=\"Dom z bala jod\u0142owego\" alt=\"Dom z bala jod\u0142owego\">\n<img src=\"http:\/\/www.308j.pl\/wp-content\/uploads\/2025\/02\/IMG_20250103_165501.jpg\" width=\"230\" height=\"230\" title=\"Dom z bala jod\u0142owego\" alt=\"Dom z bala jod\u0142owego\">\n<img src=\"http:\/\/www.308j.pl\/wp-content\/uploads\/2024\/11\/IMG_20241019_145847-Kopiowanie.jpg\" width=\"230\" height=\"230\" title=\"Dom z bala jod\u0142owego\" alt=\"Dom z bala jod\u0142owego\">\n<img src=\"http:\/\/www.308j.pl\/wp-content\/uploads\/2024\/11\/IMG_20241105_131300-Kopiowanie.jpg\" width=\"230\" height=\"230\" title=\"Dom z bala jod\u0142owego\" alt=\"Dom z bala jod\u0142owego\">\n<img src=\"http:\/\/www.308j.pl\/wp-content\/uploads\/2024\/11\/IMG_20241105_131014-Kopiowanie.jpg\" width=\"230\" height=\"230\" title=\"Dom z bala jod\u0142owego\" alt=\"Dom z bala jod\u0142owego\">\n<h4 style=\"text-align: left;\">Dom zosta\u0142 wybudowany z jod\u0142owego drewna ksi\u0119\u017cycowego, wyko\u0144czony szlachetnymi materia\u0142ami.\u00a0<\/h4> <h4>\u00a0<\/h4>\n<img src=\"http:\/\/www.308j.pl\/wp-content\/uploads\/2024\/11\/IMG_20241013_163542-Kopiowanie.jpg\" width=\"1200\" title=\"Dom z bala jod\u0142owego\" alt=\"Dom z bala jod\u0142owego\">","_links":{"self":[{"href":"https:\/\/www.308j.pl\/index.php?rest_route=\/wp\/v2\/pages\/43","targetHints":{"allow":["GET"]}}],"collection":[{"href":"https:\/\/www.308j.pl\/index.php?rest_route=\/wp\/v2\/pages"}],"about":[{"href":"https:\/\/www.308j.pl\/index.php?rest_route=\/wp\/v2\/types\/page"}],"author":[{"embeddable":true,"href":"https:\/\/www.308j.pl\/index.php?rest_route=\/wp\/v2\/users\/1"}],"replies":[{"embeddable":true,"href":"https:\/\/www.308j.pl\/index.php?rest_route=%2Fwp%2Fv2%2Fcomments&post=43"}],"version-history":[{"count":113,"href":"https:\/\/www.308j.pl\/index.php?rest_route=\/wp\/v2\/pages\/43\/revisions"}],"predecessor-version":[{"id":502,"href":"https:\/\/www.308j.pl\/index.php?rest_route=\/wp\/v2\/pages\/43\/revisions\/502"}],"wp:attachment":[{"href":"https:\/\/www.308j.pl\/index.php?rest_route=%2Fwp%2Fv2%2Fmedia&parent=43"}],"curies":[{"name":"wp","href":"https:\/\/api.w.org\/{rel}","templated":true}]}}